f 55 and j?
11
Let z(y) = -y**2 - 9*y - 2. Let j be ((-8)/6)/((-1)/(-6)). Let s be z(j). Suppose 4*k - 132 = 2*k. Calculate the greatest common factor of s and k.
6
Let i be (-56)/(-70)*70/4. Let w(b) = -12*b - 1. Let s be w(-2). Suppose -n + s = -12. What is the highest common factor of i and n?
7
Suppose 2*z + 3*y - 53 = 0, -5*z + 72 = -4*y - 3. Let n be 0/(-6*(-3)/6). Suppose -3*t + 2*t + 209 = n. Calculate the highest common divisor of t and z.
19
Let w = 31 - 49. Let l be (-3)/w - 29/(-6). Suppose l*m = 40 + 25. What is the highest common divisor of m and 52?
13
Let v(s) = 4*s - 7. Suppose 3*k - 15 + 3 = 0. Let t be v(k). What is the greatest common factor of t and 27?
9
Let w = -26 + 26. Suppose w = -5*n + 150 + 130. Calculate the highest common divisor of n and 28.
28
Let h = 110 - -79. Suppose -h = -r - 2*r. Calculate the greatest common factor of r and 42.
21
Let r be -22*(0 + -3 + 2). What is the highest common divisor of r and 286?
22
Suppose 0 = -4*k - c + 699, 15*c - 352 = -2*k + 17*c. Calculate the greatest common factor of k and 425.
25
Let w(p) = 7*p**2 + 3*p - 3. Let k(b) = 8*b**2 + 3*b - 2. Let m(v) = 5*k(v) - 4*w(v). Let o be m(-1). What is the greatest common factor of o and 121?
11
Let a = 47 + -33. Let p be (-10)/(6/14 - (-68)/(-28)). Suppose -3*o + 58 = -p. What is the highest common divisor of o and a?
7
Let r be (-3)/(-2)*(100/15 + -4). Suppose 5*t = -4*b + 154, -5*t = r*b + b - 150. What is the highest common factor of 51 and t?
17
Let u = 39 - 0. Let n = 46 - u. What is the greatest common factor of n and 28?
7
Let q be 0 - (-1 - (-2 + 4)). Let z(n) = 5 - 3 + 2 + 5*n**3 - q - 2*n + 2*n**2. Let w be z(1). Calculate the highest common factor of 42 and w.
6
Let d = -3 - -57. Suppose -6*h - g = -7*h + 4, -4*g = -5*h + 22. What is the greatest common divisor of h and d?
6
Let v = 1372 + -1042. What is the greatest common divisor of 30 and v?
30
Suppose 9*i - 641 = 79. Let q be 136/7 - (-40)/70. What is the greatest common divisor of q and i?
20
Let w(p) = -4*p + 4 + 5*p + p**2 + 2 - 5. Let c be w(-2). What is the highest common factor of c and 6?
3
Let s(q) = -q + 13. Let m be s(9). Let b(i) = -i**3 + 4*i**2 + 2*i - 1. Let k be b(m). Calculate the highest common factor of k and 77.
7
Let k = 109 + -104. Suppose f = 1, c - 3*f = -f - 2. Let y be (0 + 5)*(c - -1). Calculate the greatest common factor of y and k.
5
Let y(d) = -16*d - 10. Suppose 2*b - 2 = -4. Let w(o) = -o + 1. Let z(f) = b*y(f) - 12*w(f). Let c be z(4). What is the greatest common factor of 22 and c?
22
Let g = 9 + -4. Suppose 3*v - 123 = -c, -3*v + 141 = -5*c + 36. What is the highest common factor of v and g?
5
Suppose -5*m + 36 + 34 = 0. Let f be 8/(-20) + 186/15. Suppose f*p - 10*p = m. What is the greatest common divisor of 63 and p?
7
Suppose -8 = 4*r - 32. Let l = r + 6. Calculate the highest common divisor of l and 18.
6
Suppose 20 = 4*k, 7*k - 12*k = -4*x + 91. Suppose x*s = 33*s - 8. What is the greatest common factor of 16 and s?
2
Suppose 3*v = -v + 1536. What is the highest common factor of 16 and v?
16
Let j = -1583 - -1004. Let p be 24/(-32) - j/4. Let s be 14 - (-4)/6*3. Calculate the highest common divisor of s and p.
16
Let d = -612 - -689. Calculate the greatest common factor of 7 and d.
7
Let v(t) = -2*t**3 + t**2 - 1. Let n be v(-1). Let k = 31 + -13. Suppose k + 6 = 4*r. Calculate the highest common factor of n and r.
2
Suppose -9*c - 15 = -4*c, c - 57 = -3*d. What is the highest common factor of 150 and d?
10
Let m = 1346 + -184. What is the highest common divisor of m and 14?
14
Let b be 10 + -12 + 1234 + 10. What is the highest common factor of b and 184?
46
Suppose 2*q - 15 - 57 = 0. Let d = q - -41. Calculate the highest common divisor of d and 11.
11
Let w(t) = -t**2 + 31*t + 119. Let a be w(33). What is the highest common divisor of a and 583?
53
Let f be 1474/14 - (-4)/(-14). Suppose -90 = -0*l - 6*l. Calculate the highest common divisor of l and f.
15
Let v(k) = 9*k**3 - 3*k**2 - 2*k + 4. Let g be v(2). What is the highest common divisor of 36 and g?
12
Let w(n) = n**3 - 23*n**2 - 48*n - 14. Let t be w(25). Suppose -3*g = -3*b + t, b = -4*b - 4*g + 78. Calculate the highest common factor of 56 and b.
14
Let n be 66/9*((13 - 2) + -2). What is the greatest common divisor of 308 and n?
22
Let f be ((-30)/(-8))/(1/4). Let s = -801 + 1132. Suppose -106 = 5*g - s. What is the greatest common divisor of f and g?
15
Suppose 0 = 400*s - 398*s - 14. What is the greatest common factor of s and 203?
7
Let p be (3 + 0)*(-38)/(-6). Suppose -7*w - 144 = -p*w. Calculate the greatest common divisor of 48 and w.
12
Let p(z) = -3*z**2 - 12*z - 6. Let m be p(-4). Let o(d) = 4*d**2 + 2*d - 20. Let a be o(m). Calculate the highest common factor of 16 and a.
16
Let c(b) = -b**2 - 13*b + 4. Let s be c(0). Let h = 29 - 17. Calculate the greatest common factor of h and s.
4
Let q(x) = -x**3 - 18*x**2 + 145*x + 30. Let s be q(-24). Suppose 0 = j + v + 4*v + 7, -3*v - 69 = -3*j. What is the highest common divisor of s and j?
6
Let u be (10/(-8))/(3/(-84)). Suppose 3*v = -2 + u. Suppose -91*m + 88 = -83*m. What is the highest common divisor of v and m?
11
Suppose -58*o - 48 = -48*o - 128. Suppose -5*k = -d - 277, 3*k - 44 = 2*k + 4*d. What is the greatest common factor of k and o?
8
Let q(s) = -2*s + 15. Let b be q(9). Let o be 3/((-140)/48 - b). Let h be (3/4)/(3/72). What is the highest common factor of h and o?
18
Suppose 0 = -4*w - 2 - 34. Let o = w + 45. What is the greatest common factor of o and 12?
12
Suppose -146 = -47*y + 183. What is the greatest common factor of 11 and y?
1
Suppose -17*q = -25*q + 64. Calculate the highest common divisor of 6 and q.
2
Suppose 0 = -11*n + 118 + 146. Let j = 50 - n. Calculate the highest common divisor of 26 and j.
26
Let k(j) be the third derivative of j**4/24 - j**3 - j**2. Let m be k(7). Let a be m/((-3)/33*-1). What is the greatest common divisor of 33 and a?
11
Let d(q) = 26*q - 58. Let s be d(14). Calculate the highest common factor of s and 18.
18
Let i(s) = 3 + s - 4*s - s - 3*s. Let o = 1 - 4. Let c be i(o). Calculate the greatest common factor of 6 and c.
6
Suppose -8 = 4*t - 24. Suppose 5*m - t*j - j = 375, -4*j = -m + 75. Let v = 5 + 10. What is the highest common divisor of v and m?
15
Let z(d) = -11*d**3 + 2*d**2 - d - 2. Let g be z(-1). What is the greatest common divisor of g and 84?
12
Let d(c) = -c**3 - 10*c**2 - 2*c - 31. Let m be d(-10). Let f = 2 - m. What is the greatest common divisor of f and 39?
13
Suppose 52*i - 90 = 43*i. Calculate the greatest common divisor of i and 290.
10
Let o(t) = t**3 + 2*t**2 - 2*t + 1. Let l = 26 + -19. Let u = -4 + l. Let d be o(u). What is the greatest common divisor of d and 100?
20
Suppose -2*v + 3*x + 77 = 0, 0 = 3*v - 2*x - 77 - 31. Let k = v + -16. Suppose d + 24 = 2*t, 3*t + d - k = 8. Calculate the greatest common divisor of t and 60.
10
Let g(l) = 40*l**2 + 4*l + 2. Let i be g(-2). Suppose -3*c = 2*t - 0*c - 150, -2*t + i = c. What is the greatest common divisor of t and 52?
26
Let a = -459 + 648. What is the highest common divisor of a and 168?
21
Let p(t) = t**2 + 5*t + 5. Let h be p(5). Let b be (-106)/(-4) - 5/10. Let k be (-8 - (-1 + -3)) + b. Calculate the greatest common factor of k and h.
11
Let n(o) = o**2 - 4*o - 29. Suppose -9*p + 46 = -4*p + t, 2*p + t = 19. Let z be n(p). What is the highest common factor of z and 16?
16
Let v(q) = 9*q - 173. Let l be v(24). Calculate the greatest common divisor of 215 and l.
43
Suppose 240 = 3*c + 2*c. Suppose c - 54 = -3*u. Calculate the highest common divisor of u and 18.
2
Let l(t) = -5*t + 57. Let m be l(12). Let u(a) = -8*a - 2. Let n be u(m). What is the highest common divisor of n and 242?
22
Let q be (-3)/6 + (-4)/16*-10. Suppose -q*k = -10*k + 96. Let l be 12 - (2 - 1 - 1). What is the greatest common factor of l and k?
12
Let l(q) = 7*q + 127. Let h be l(-7). What is the greatest common divisor of h and 12?
6
Let m(s) = -6*s + 91. Let v be m(11). Calculate the highest common factor of v and 200.
25
Let b be (-14)/(-49) - 44/7. Let c(m) = -2*m**2 + 2*m + 2. Let a be c(2). Let p be 133 + (b - -3 - a). What is the greatest common factor of p and 12?
12
Suppose -5*t + 0 = -z + 3, -z - 5*t = -